 divided by 150?
149
What is the remainder when 856 is divided by 68?
40
What is the remainder when 82401 is divided by 84?
81
Calculate the remainder when 575749 is divided by 158.
155
Calculate the remainder when 8244 is divided by 822.
24
Calculate the remainder when 61617 is divided by 15.
12
Calculate the remainder when 31551 is divided by 92.
87
What is the remainder when 8524 is divided by 777?
754
What is the remainder when 55700 is divided by 18534?
98
Calculate the remainder when 2262926 is divided by 5.
1
What is the remainder when 80689 is divided by 4031?
69
Calculate the remainder when 1938 is divided by 173.
35
What is the remainder when 223715 is divided by 99?
74
Calculate the remainder when 398 is divided by 195.
8
Calculate the remainder when 14033 is divided by 119.
110
What is the remainder when 6389 is divided by 681?
260
What is the remainder when 96239 is divided by 18?
11
Calculate the remainder when 9643 is divided by 3212.
7
What is the remainder when 3431 is divided by 115?
96
Calculate the remainder when 178879 is divided by 477.
4
Calculate the remainder when 8199 is divided by 907.
36
Calculate the remainder when 393906 is divided by 6.
0
What is the remainder when 1038167 is divided by 129770?
7
Calculate the remainder when 2562 is divided by 840.
42
What is the remainder when 115 is divided by 64?
51
What is the remainder when 1504 is divided by 315?
244
Calculate the remainder when 244547 is divided by 13.
4
Calculate the remainder when 412 is divided by 26.
22
Calculate the remainder when 11518 is divided by 16.
14
What is the remainder when 263640 is divided by 224?
216
What is the remainder when 74390 is divided by 20?
10
Calculate the remainder when 2442 is divided by 7.
6
Calculate the remainder when 11631 is divided by 14.
11
What is the remainder when 3179 is divided by 238?
85
What is the remainder when 4736 is divided by 470?
36
Calculate the remainder when 2916 is divided by 2885.
31
What is the remainder when 869 is divided by 256?
101
Calculate the remainder when 8213 is divided by 13.
10
Calculate the remainder when 149993 is divided by 685.
663
What is the remainder when 22247 is divided by 4415?
172
What is the remainder when 1162 is divided by 267?
94
Calculate the remainder when 799174 is divided by 268.
266
Calculate the remainder when 771439 is divided by 112.
95
Calculate the remainder when 1721 is divided by 74.
19
Calculate the remainder when 288867 is divided by 288845.
22
What is the remainder when 38780 is divided by 77?
49
What is the remainder when 42503 is divided by 20?
3
Calculate the remainder when 839 is divided by 371.
97
What is the remainder when 83236 is divided by 19?
16
What is the remainder when 19724 is divided by 10?
4
Calculate the remainder when 237936 is divided by 271.
269
What is the remainder when 8211 is divided by 54?
3
Calculate the remainder when 6643 is divided by 349.
12
Calculate the remainder when 9108 is divided by 1290.
78
What is the remainder when 464250 is divided by 37?
11
Calculate the remainder when 111163 is divided by 62.
59
Calculate the remainder when 72018 is divided by 1440.
18
Calculate the remainder when 6403 is divided by 1589.
47
What is the remainder when 85184 is divided by 84?
8
What is the remainder when 782 is divided by 755?
27
What is the remainder when 15392 is divided by 114?
2
What is the remainder when 2432 is divided by 681?
389
What is the remainder when 3408 is divided by 426?
0
Calculate the remainder when 33854 is divided by 46.
44
What is the remainder when 2508 is divided by 110?
88
What is the remainder when 8196 is divided by 2724?
24
What is the remainder when 60097 is divided by 305?
12
Calculate the remainder when 310812 is divided by 105.
12
Calculate the remainder when 15254 is divided by 339.
338
Calculate the remainder when 180649 is divided by 180645.
4
Calculate the remainder when 64464 is divided by 551.
548
What is the remainder when 2596 is divided by 2087?
509
Calculate the remainder when 73823 is divided by 8.
7
What is the remainder when 4685 is divided by 2?
1
What is the remainder when 1473 is divided by 123?
120
What is the remainder when 2329 is divided by 701?
226
What is the remainder when 96217 is divided by 891?
880
What is the remainder when 34852 is divided by 218?
190
Calculate the remainder when 791786 is divided by 40.
26
Calculate the remainder when 35828 is divided by 34.
26
What is the remainder when 3572117 is divided by 10?
7
Calculate the remainder when 18921 is divided by 2117.
1985
What is the remainder when 10949 is divided by 63?
50
What is the remainder when 27510 is divided by 181?
179
Calculate the remainder when 909 is divided by 56.
13
What is the remainder when 18356 is divided by 124?
4
What is the remainder when 7725 is divided by 209?
201
Calculate the remainder when 2118 is divided by 571.
405
Calculate the remainder when 1571 is divided by 807.
764
What is the remainder when 273 is divided by 76?
45
What is the remainder when 263716 is divided by 42?
40
What is the remainder when 8600 is divided by 374?
372
What is the remainder when 41981 is divided by 512?
509
What is the remainder when 54154 is divided by 7734?
16
What is the remainder when 57792 is divided by 28893?
6
Calculate the remainder when 15208 is divided by 7473.
262
Calculate the remainder when 22087 is divided by 1.
0
What is the remainder when 38483 is divided by 38454?
29
What is the remainder when 20214 is divided by 1189?
1
Calculate the remainder when 1885 is divided by 271.
259
What is the remainder when 300665 is divided by 771?
746
Calculate the remainder when 28492 is divided by 44.
24
Calculate the remainder when 4142 is divided by 377.
372
Calculate the remainder when 263240 is divided by 29247.
17
What is the remainder when 12191 is divided by 214?
207
Calculate the remainder when 1234606 is divided by 24.
22
Calculate the remainder when 12273 is divided by 99.
96
What is the remainder when 131108 is divided by 10919?
80
Calculate the remainder when 14501 is divided by 7198.
105
What is the remainder when 75571 is divided by 268?
263
Calculate the remainder when 5428 is divided by 73.
26
Calculate the remainder when 373761 is divided by 575.
11
Calculate the remainder when 1502 is divided by 255.
227
Calculate the remainder when 14885 is divided by 52.
13
Calculate the remainder when 2674177 is divided by 15.
7
Calculate the remainder when 847369 is divided by 347.
342
Calculate the remainder when 3428014 is divided by 709.
708
What is the remainder when 2568102 is divided by 27?
24
What is the remainder when 360230 is divided by 126?
122
Calculate the remainder when 953852 is divided by 17.
16
What is the remainder when 374818 is divided by 60?
58
Calculate the remainder when 484866 is divided by 32324.
6
Calculate the remainder when 12597 is divided by 12389.
208
Calculate the remainder when 3426787 is divided by 3.
1
Calculate the remainder when 34408 is divided by 189.
10
What is the remainder when 27526 is divided by 148?
146
What is the remainder when 8938 is divided by 93?
10
What is the remainder when 210217 is divided by 324?
265
What is the remainder when 372781 is divided by 168?
157
What is the remainder when 10864 is divided by 198?
172
What is the remainder when 100241 is divided by 25055?
21
What is the remainder when 1153371 is divided by 121?
120
What is the remainder when 193460 is divided by 177?
176
Calculate the remainder when 91531 is divided by 22878.
19
Calculate the remainder when 1323 is divided by 35.
28
What is the remainder when 294 is divided by 67?
26
What is the remainder when 8819 is divided by 594?
503
Calculate the remainder when 7745 is divided by 3251.
1243
What is the remainder when 54239 is divided by 91?
3
Calculate the remainder when 1188092 is divided by 544.
540
Calculate the remainder when 13070 is divided by 856.
230
What is the remainder when 112660 is divided by 236?
88
What is the remainder when 7847999 is divided by 436?
435
Calculate the remainder when 10874 is divided by 2714.
18
Calculate the remainder when 1829 is divided by 208.
165
What is the remainder when 9434 is divided by 1028?
182
Calculate the remainder when 12888 is divided by 